0
What is the value of 50 + -168 + 118 + (-1 - -3) + 0 + 51?
53
What is 0 + -5 + -78 - (21 + 1 - 20) - -5?
-80
Evaluate 5 + (25 - 8 - (17 + -48)) - -21.
74
Evaluate 11 + 4 - ((30 - 7) + 26).
-34
-12 + (-12 - (-42 + 1 + 2)) + (-2 - 6)
7
Calculate (23 - -123) + -159 + (-1 - -9).
-5
Calculate 0 - 110 - (-2998 - -2952).
-64
Evaluate -25 + (-3 + -3 - -9) + 8 + -2 + 1.
-15
7 + 0 - (-20 + (-22 - -65) - 19)
3
(1 - (2 - 0)) + (-38 - (-68 - -27)) - -114
116
Calculate 0 + (-2 - 54) + (4 - (-9 + 17) - 5).
-65
Evaluate (-10 + 19 + 8 - -7 - -5) + 14.
43
What is -38 + (91 - 102) + -2 + -23?
-74
What is the value of -17 - -50 - -11 - (95 + -22)?
-29
-73 + 41 + -23 + 4 + 12
-39
What is the value of (3 - (11 + 3)) + (108 - (51 - -10))?
36
What is the value of 67 - ((-10 - 4) + 6 - (11 + (-13 - 8)))?
65
-59 + -33 + (-79 - -172)
1
What is (12 - 6) + 2 + (18 - 9) + 3 + -8?
12
Evaluate (-12 - (8 - 12)) + 12 + -47.
-43
What is the value of -91 + 48 - (60 - 23 - 13)?
-67
Evaluate -2 + -21 - (56 + (43 - 109)) - -6.
-7
-16 + -13 + 31 + -9 + 6 + -11
-12
What is the value of (54 - (156 - 42)) + 84?
24
23 - (3 + 3 + 2) - (82 - (19 - 14))
-62
What is the value of (-2 - -2) + -74 - (-3 - -65 - 73)?
-63
What is the value of (-1 - 19) + (71 - 73) - (-24 + 19)?
-17
What is the value of (-4 - 75) + 141 + -84?
-22
What is the value of 16 - (0 + -41 + -34 + 7)?
84
Evaluate -12 + 26 + -69 + 9.
-46
Evaluate (-7 - (-5 + -2) - 0) + (-8 - -1) + -42.
-49
Calculate -3 + 4 - (197 + -152 + (-34 - -1)).
-11
What is -67 - (3 - (21 + 50))?
1
Calculate (-32 - -14 - -16) + 0 + (7 - 6).
-1
-19 - (-15 - -57 - 30)
-31
What is the value of -56 - ((14 - -2 - -1) + -11 + -3 + 4)?
-63
Evaluate 2 + 51 + -33 + -8 + -1 + 7.
18
9 + 12 - (9 + -53 + -5)
70
Evaluate (3 - 2) + (21 + -38 - -24) + -40.
-32
-56 - (1 + (-5 - 45))
-7
Evaluate -50 + (174 + -153 - (0 - -5)).
-34
What is the value of (-33 + 40 - -21) + -16?
12
What is -15 + -8 + 9 + -7 - (11 + (-14 - -10))?
-28
-5 + 11 + (14 - 10) + (-15 - 28)
-33
What is the value of (-3 - 13) + 12 + 8 + -9 + 79?
74
What is the value of (5505 - 5498) + 39 + 4 + -1 + 2?
51
What is the value of -2 + (-20 + 8 - -6 - 6) + -13?
-27
Calculate -17 + 9 - -30 - -119 - 6 - 24.
111
-79 - (-3 + 134 + -125)
-85
-54 - -16 - -17 - (2 + 0)
-23
Evaluate (1 - 3) + 12 + (13 - 33 - (2 + -2)).
-10
Calculate -2 + 15 + (1 - (32 - 23 - 26)).
31
Calculate 29 - (83 + -53 + 27) - -22.
-6
Calculate -4 + 1 - (-29 - 1 - (38 - 4)).
61
Calculate 396 - 399 - (13 + -7 + -3 + 93).
-99
What is the value of 1 + -43 + -2 + ((22 - 19) + 12 - 19)?
-48
(0 - (103 + 0)) + 78 + (-132 - -65) + -22
-114
Evaluate 0 + 0 - 35 - (3 + -20 + (-119 - -130)).
-29
What is (26 - (-3 + 15) - 15) + -22?
-23
-52 + -1 + 6 + -108 + 121
-34
Calculate -86 + 43 + -2 + -19.
-64
What is (-32 - (-38 + 18 + 7)) + 149?
130
(64 - 55 - ((-2 - -14) + (3 - 2))) + 113
109
-2085 + 2110 - (-2 + 0 + 77)
-50
What is (-35 - 55) + 40 + 7?
-43
What is (-24 - 2 - -117) + -49?
42
Evaluate (-170 + 81 - -157) + -117.
-49
Evaluate (-1 - (6 - 3)) + -137 + 117.
-24
What is 0 + -1 - 2 - (9 + 46 - (-49 + 85))?
-22
58 + -49 + 56 + -40
25
Evaluate 16 - (14 + (-7 - 3) - (-6 - -1)).
7
Calculate 0 - (58 - (-50 - -111)).
3
Calculate (-277 - (-425 + 125)) + (39 - 1).
61
What is the value of -51 + 70 + -126 - -24?
-83
What is the value of (-259 - (-71 + -97)) + -64?
-155
Calculate (43 - (-22 - -81)) + (-30 - 0).
-46
77 - (182 - 182 - (0 - (-8 - (5 - 0))))
90
705 + -701 + 1 + -17
-12
-1 + -68 + (149 - 132) - (-3 + -12)
-37
-33 - (1122 + -1156 + 0 + -42)
43
What is 22 - (0 + (2 - -2) - (0 + 11))?
29
What is the value of (46 - 17) + 3 + (-1 - -1 - -18)?
50
What is -82 - (17 + (-64 - -16))?
-51
Calculate 62 - (-10 - (-45 - 37)).
-10
Evaluate -11 + -36 + 60 + 29.
42
-65 - (-38 + (-14 - 0))
-13
What is -66 + -1 + -606 + 699?
26
Calculate 30 - (23 - -29 - 46).
24
(2 + 6 - (2 + -1)) + (954 - 948)
13
Evaluate -60 + -46 + 96 + -16.
-26
Calculate (-9 - -3) + (19 - -2) + -5 - 54.
-44
Calculate -70 + 134 + 6 + -34.
36
What is the value of 21347 - 21429 - (2 - -4)?
-88
What is 69 + -102 + (-1 - (-31 - 6))?
3
Evaluate 34 - (72 + -93 + 23).
32
Calculate 7 + -4 + -1 + (-17 - -3) + -3.
-15
Evaluate (89 + -110 - (2 - (47 - 1))) + -111.
-88
(13 - 0) + (89 - (32 + 26))
44
What is (2 - 19) + -2 + 33 + (-144 - -115)?
-15
Calculate (2 - -53) + 1 + -8886 + 8854.
24
What is (10 - 1) + 24 + -12 + 16 - (-5 + 13)?
29
Evaluate -45 + -4 + -4 + 4 + (-3 - (-2 + 1)).
-51
What is 17177 + -17248 + 2 + -10 + -1 + 1?
-79
What is -25 + 47 + -36 - (13 - 8 - 74)?
55
Calculate 36 + (27 + -131 - -123).
55
Calculate (0 - 28) + (107 - (97 - 0)).
-18
What is 23 - ((32 - 101) + 37 + 4)?
51
Calculate 661 + (362 - 1048) + (1 - -78) + -1.
53
Evaluate 62 + 2 + -2 - (-49 + 98 + -39).
52
What is the value of 0 - 9 - (-5 - (-14 + (-29 - -63)))?
16
What is (6 - 11) + (9 + 6 - 49)?
-39
Calculate (-835 - -835) + 0 + (35 - -2) + 2.
39
What is -8 - -17 - (-42 - (3 + -13 + -3))?
38
(-11 - 35) + 62 + -23 + 3 + -2
-6
-6 + 53 + -17 + 32 + -29
33
What is the value of 26 + (4 - 3) + (-23 - -6)?
10
What is -18 + 33 - 54 - (13 - (9 - 7))?
-50
What is the value of -2906 + 2913 - (-1 + 19 + 0)?
-11
What is the value of -23419 + 23433 + (-10 + 1 - (-3 - -2)) + -3?
3
What is the value of -77 + -1 - (6513 - 6683)?
92
Evaluate (2 - 14) + (-62 - -31 - -66).
23
What is the value of -6 + (-18 - ((16 - 34) + 15)) + 15 - -73?
67
Evaluate -120 - (-100 + -48 - 110).
138
Calculate -54 + 54 + (-1 - 16) - 69.
-86
What is the value of -33 - (-27 - -3) - (-12 + (4 - 2)) - -99?
100
Evaluate 22 - 34 - ((5 - 12) + 0).
-5
What is the value of 8 + -1 - (-11 - (-10 + (-6 - 2))) - 64?
-64
What is (-4 - -3) + 121 + (-73 - -9)?
56
What is -6 - (69 + -44 + -60)?
29
Calculate 0 + (-1 - ((-2 - -6) + -3)) - (351 - 325).
-28
What is -1 + (-2 - -6) + (0 - (-5 + 4 + 2))?
2
Calculate 1 - 8 - (11 - (-26 + 24)) - 1.
-21
What is -4 + 135 + -151 + 77 + 69?
126
1 - (1 - 0 - 0 - (-168 + 141))
-27
Calculate (29 + 15 + -23 - 18) + (-3 - 0 - -18).
18
What is the value of -101 + 0 - (0 - (-20 - 1 - (6 + -32)))?
-96
114 + -34 + -65 - (76 - -1)
-62
Calculate (12 + 11 + -6 + -19 + -1 - -14) + 55.
66
Evaluate 125 + -33 + -81 + 7.
18
(-165 - (11 + -62)) + 100
-14
Evaluate -36 - (3 - (29 + 31 - 10)).
11
What is (16 + -5 - -12) + -2 - -10?
31
What is the value of -55 - -93 - ((5 - (1 - -1)) + 3 + 2)?
30
What is the value of -6 - (-1 + 26 + 0 + -8 + (22 - 11))?
-34
-41 + 15 + (-3 - 29 - (31 - 34))
-55
-19 + (-29 - (-49 - -5)) - (2 - -86)
-92
Calculate 382 - (-85 + 501) - (-1 + -1 + 10).
-42
What is the value of -63 + (84 - 7) - (3 + (-12 - 3) + 5)?
21
What is 18 - (46 + 97 + -120)?
-5
What is 28 + 55 + -49 + 47?
81
Calculate 0 + -10 + -567 + 572 + -28.
-33
Evaluate -6 + (-4 + 6 - -4) - (63 + -7 + 2).
-58
Calculate -4 + -197 + 240 + (1 - 26).
14
What is 92 + -2 + 35 + (389 - 422)?
92
Calculate (0 - -6) + (-5 - (-3 + -1)) + (-356 - -347).
-4
Calculate 76 + -7 + 35 + (27 - 64) + (0 - 12).
55
Evaluate -28 - (19 + -4 + -45).
2
Evaluate -81 + 85 + 6 + 16 + 57.
83
Calculate -275 + 125 + 20 + -17.
-147
What is the value of -17 + 33 - 93 - (1 + 1 - 2)?
-77
What is 44 + (60 - 45) - -22?
81
-91 - (-7 + 94 + -136)
-42
(-4 - 1) + 5 + -13 + 74 - (-1 - -5)
57
Evaluate -49 + (22 - -53) + -6.
20
What is (1 - 31 - 1) + -5 + (38 - 9) + -17?
-24
Calculate 2464 + -2453 + (-2 - -69).
78
Evaluate 66 + (-9 + 5 - (9 - (-8 + (-6 - -29)))).
68
Calculate (-21 - (5 - (47 - 4))) + -57.
-40
What is the value of 14 + -4 + -2 - (82 + -53) - 15?
-36
What is 80 - 79 - (-6 + 3 + -2 - 7)?
13
Evaluate -3 + 43 - (-3245 + 3218).
67
What is the value of 16 + -19 - (1 - 0 - -86) - (15 + -22)?
-83
-18 + (37 + -36 - ((-1 - 1) + -5) - 17)
-27
(-36 - (-15 - -37) - (-1 + 4 + -8)) + 11
-42
What is the value of -26 + -28 + 38 + (-52 - -3)?
-65
Calculate 45 - (-76 - -70 - -48).
3
Calculate (-29 - -54 - -76) + (13 - 9) + -8.
97
What is 59 + 1135 + -1134 + (48 - 1)?
107
What is the value of 72 + -84 - (-68 - 38)?
94
108 + -65 + -34 + (11 - 3 - 2)
15
Calculate 172 + 97 + -115 - 50.
104
Calculate 2 + -2 + -16 + (11 - (7 + 11 - 155)).
132
What is (-13 + (-13 - (-2 + -18)) - -19) + -116?
-103
Calculate (-5 + 1 - -73 - 5) + (-8 - -23) + -2.
77
Evaluate (34 - 92) + (34 - 3).
-27
43 - ((4 - 6) + 2 + -2 + -2 + 9)
38
Evaluate 9 + -1 